when 25 is divided by v?
7
Let f(x) = -37*x - 1. Let d be f(-1). Suppose d = -2*u + 6*u. Suppose -r + u = -0*r. What is the remainder when r is divided by 3?
0
Let z(n) = -n + 2. Let d(y) = -y + 1. Let x(l) = -5*d(l) + 2*z(l). Calculate the remainder when ((-35)/(-15) + -2)*123 is divided by x(5).
13
Suppose 3*q + 2*o - 22 = -2*o, o = -3*q + 28. Calculate the remainder when 17 is divided by q.
7
Suppose 6*q - 39 = 3*q. Let r(m) = -36*m**3 + 2*m**2 + 2*m + 1. What is the remainder when r(-1) is divided by q?
11
Let x = -125 - -132. Suppose -4*z - 64 = -5*j, 5*j - 57 = -4*z + z. Calculate the remainder when j is divided by x.
5
Suppose 0 = 4*d - 4*u - 44, d - 1 = 2*u + 11. Suppose -3*x + d = 2*x. Suppose 3*j = -0*j + 2*s + 7, 4 = 4*s. Calculate the remainder when j is divided by x.
1
Calculate the remainder when (411/6)/(21/6 + -3) is divided by 35.
32
Let k = 38 - 18. Suppose -44 = -10*s + 6*s. Calculate the remainder when k is divided by s.
9
Suppose 0 = 2*w - 0 - 4. Let s be -4 - (w + -1 + -2). Let l(v) = -5*v + 1. Calculate the remainder when 46 is divided by l(s).
14
Suppose -66 = -4*z - 7*k + 5*k, k + 15 = z. What is the remainder when 46 is divided by z?
14
Suppose 5*a - 2*q = 61, 0 = -4*a - 0*q - 2*q + 38. Let l = 11 + 9. Calculate the remainder when l is divided by a.
9
Let r(l) = -l - 6. Let a be r(-13). Let o(g) = g**2 - 7*g + 2. What is the remainder when 12/7 - (-2)/7 is divided by o(a)?
0
Suppose 5*c = 434 - 124. What is the remainder when c is divided by 16?
14
Let q = 19 - 8. What is the remainder when q is divided by 6?
5
What is the remainder when 16 is divided by 80/(-24)*3/(-2)?
1
Let j(o) be the third derivative of 5/3*o**3 + 0*o - 1/24*o**4 + 0 + o**2. Calculate the remainder when 19 is divided by j(0).
9
Suppose -4*m + 44 = 2*a - 3*m, -5*a + 3*m = -121. Calculate the remainder when a is divided by (-6)/(-4)*(-52)/(-6).
10
Let j(m) = m**3 + 2*m**2 + 32. Calculate the remainder when 61 is divided by j(0).
29
What is the remainder when 101 is divided by (-520)/(-15) - (-4)/(-6)?
33
Suppose -k - 3*k = 0. Suppose 4*h = k, h - 4*h = 3*w - 63. What is the remainder when 41 is divided by w?
20
Suppose 2*m + n - 34 = 59, -n = m - 46. What is the remainder when m is divided by 12?
11
Suppose 3*w = -3*a - 0 + 6, -a + 4*w = 18. Calculate the remainder when 10 - 1 - 2/a is divided by 3.
1
Calculate the remainder when 9 is divided by 5/25*(-1 + 16).
0
Let l be 4/(-5)*(-5)/2. Suppose -j + l*j = 57. Suppose 6*c = 3*c + j. What is the remainder when 56 is divided by c?
18
Let l(b) = b**3 - 2*b**2 + 3*b - 2. Let v be l(2). Suppose 2*i + 5*x = 19, -4*x - 11 - 41 = -v*i. What is the remainder when 34 is divided by i?
10
Let p(v) be the first derivative of -4*v**2 + 3*v + 3. What is the remainder when p(-5) is divided by 15 + (-2 - (-6)/3)?
13
Suppose -18 = -4*w + 10. Calculate the remainder when 26 is divided by w.
5
Let a = 7 - -27. Suppose -z - y + 3 - 6 = 0, 0 = 4*z + 5*y + 17. Calculate the remainder when a is divided by 20 + -2*(z + -1).
16
Suppose 14 = 5*q + 4*w + 4, 0 = -3*q - 4*w + 6. What is the remainder when 7 is divided by q?
1
Let j(d) = 4*d**2 + 2*d - 4. Let l(r) = -r**2 - r. Let i(v) = j(v) + 2*l(v). Let g be (-10)/4 + 2/(-4). Calculate the remainder when i(g) is divided by 5.
4
Suppose 5 + 0 = h. Let n(a) = a**2 + 5*a - 32. Calculate the remainder when n(5) is divided by h.
3
Suppose 0 = 4*h - 3*d - 63, -5*d + 2 = -h + 5. Suppose -16 = 4*u, -5*c + u = -4*c - 73. Calculate the remainder when c is divided by h.
15
Let r(c) = -2*c - 3. Calculate the remainder when 18 is divided by r(-7).
7
Let a = 18 - 13. Let m(s) = -s**3 - 4*s**2 - 5*s - 2. What is the remainder when a is divided by m(-3)?
1
Suppose 5*y + 5*h - 125 = 0, 0*h = -2*y - 4*h + 48. Suppose -2*m - y = -4*m. Calculate the remainder when m is divided by 8.
5
Suppose 0 = p + 2*p - 39. What is the remainder when 36 is divided by p?
10
Suppose 0*c + 3*g = -c + 22, 2*c - 38 = -3*g. What is the remainder when 125 is divided by c?
13
Let p = -9 + 21. Suppose -28*v = -35*v + 154. Calculate the remainder when v is divided by p.
10
Suppose 5*o - 34 = n, 4*o - 3*n = -7*n + 8. Calculate the remainder when o is divided by 4.
2
Let x be (27/(-3))/3 + 2. Let i = x + 1. Suppose 0 = w - r - 11, 0 = -2*w - 2*r + 2 - i. Calculate the remainder when 16 is divided by w.
4
Suppose -70 = -0*x - 2*x. Suppose 0 = 5*s + 4*o - 59, 2*s - s - 5*o - x = 0. Let i(t) = 8*t**2 + t + 1. Calculate the remainder when s is divided by i(-1).
7
Let a(b) = -b + 7. Let u be a(9). Let y(l) = -3*l + 2. Calculate the remainder when 22 is divided by y(u).
6
Let m(t) = t**3 + 8*t**2 - 3*t + 4. Let f(y) = y**3 + 8*y**2 - 3*y + 4. Let n(j) = 5*f(j) - 4*m(j). What is the remainder when n(-8) is divided by 15?
13
Suppose -2*t + 5*t = -108. Let m = 7 - t. Calculate the remainder when m is divided by 15.
13
Let n(k) = k - 8. Calculate the remainder when 8 is divided by n(14).
2
Suppose 4*o - 2*h = 968, -2*o + 480 = -0*o - 3*h. Let d = 34 - 22. Calculate the remainder when o/7 - 4/(-14) is divided by d.
11
What is the remainder when 56 is divided by (-4)/(-18) + (-178)/(-9)?
16
Suppose 0 = 4*i - 5*g + 59, 16 = i - 3*i - 2*g. Let v = i - -8. What is the remainder when 15 is divided by v/(-1 - 2) - -7?
7
Suppose -14*h = 22 - 120. Let j = -2 - -36. Calculate the remainder when j is divided by h.
6
Suppose 5*b - 15 = -5*f, 2*b + 0*f = 3*f + 21. Suppose b*t - 90 = t. What is the remainder when 53 is divided by t?
17
Let q(v) = 2*v - 2. Calculate the remainder when 108 is divided by q(15).
24
Let v = 12 + -15. What is the remainder when 4 is divided by 2/(1 - (-1)/v)?
1
Let g(o) = -11 - 3*o - o**2 + o + 10*o + 2*o. What is the remainder when g(8) is divided by 3?
2
Suppose -3*k + 1 = -17. Suppose 66 - k = 4*w. Suppose 2*r - 58 = -0*r. Calculate the remainder when r is divided by w.
14
Let y be (0/5)/((-2)/1). Suppose y = -m + 3 - 1. What is the remainder when m is divided by (-2)/3*3/(-2)?
0
Suppose -5*c = -a - 1162, 2*a = -c - a + 226. Calculate the remainder when c is divided by 13.
11
Let q(w) = w + 2. Let z be q(3). Suppose 0 = -z*n + 20, 5*r - 124 = r - 3*n. What is the remainder when 83 is divided by r?
27
Suppose 0 = 6*x - 7 - 65. Let r = x + -6. What is the remainder when 15 is divided by r?
3
Suppose w = 2*u + u + 41, 5*u = -w + 41. Calculate the remainder when w is divided by (-11)/((4/(-4))/1).
8
Suppose 0*d = -2*t + d + 36, -5*d + 67 = 3*t. Suppose 5*n = 218 + 152. Calculate the remainder when n is divided by t.
17
Let a(d) = -3*d + 3*d**2 + 5*d - d**3 + 4*d - 2*d. Calculate the remainder when 35 is divided by a(3).
11
Let d = -55 + 68. Calculate the remainder when (-2)/8*-3*32 is divided by d.
11
Let w = -57 + 68. What is the remainder when w is divided by 8?
3
Let l(w) = -7*w**3 - 12 + 8*w**2 - 6*w - 6*w + 8*w**3. What is the remainder when 59 is divided by l(-9)?
14
Suppose -3*k - 2 = -2*g, 0*g + 3*g = 12. Let h be (1/(-2) - -1)*0. What is the remainder when 5 is divided by k - h*2/2?
1
Suppose 0 = 2*r + 2*l - 182, 3*r - r - 3*l = 197. What is the remainder when r is divided by 16?
14
Suppose -3*p + 5*k + 18 + 27 = 0, -5*p + 5*k + 65 = 0. Suppose 6 = 4*w - p. Calculate the remainder when 24 is divided by (-13)/(-8)*2*w.
11
Suppose -3*z = z - 72. Let o = z + -7. Calculate the remainder when (-59)/(-3) - 2*(-4)/24 is divided by o.
9
Calculate the remainder when 67 is divided by (-2)/(-9) + (-1845)/(-81).
21
Suppose 0 = 2*l + l - 9. Suppose 3*o + 2*m = 295, 35 = l*o - 4*m - 230. Let s = o + -58. What is the remainder when s is divided by 19?
18
Let l = 151 + -24. Calculate the remainder when l is divided by 16.
15
Let g(d) = -5*d + 2*d + 4*d + 3*d. Let t = -23 + 34. What is the remainder when g(5) is divided by t?
9
Suppose 23 = 4*f - 9. Calculate the remainder when (-8)/(-3)*54/f is divided by 5.
3
Let p = -39 - -24. Let d = p + 34. Let s = -2 - -12. Calculate the remainder when d is divided by s.
9
Let x = -3 - 1. Suppose -5*h + 37 = -18. Calculate the remainder when 33 is divided by (-8)/(-10)*(h - x).
9
Let y be (1*-2)/2 + 2. Let w be y - 1 - 10/(-2). Suppose 5*i - 40 = 4*p, 3*i + 0*i - w*p - 11 = 0. What is the remainder when 23 is divided by i?
11
Let c be 24/(-13) - 6/39. Let u(t) be the first derivativ